, 6043
List the prime factors of 1680798.
2, 3, 7, 5717
List the prime factors of 397003.
23, 41, 421
What are the prime factors of 5645141?
113, 49957
What are the prime factors of 10234346?
2, 5117173
List the prime factors of 556164.
2, 3, 7, 2207
What are the prime factors of 5584953?
3, 11, 169241
List the prime factors of 1668754.
2, 17, 49081
List the prime factors of 699592.
2, 157, 557
What are the prime factors of 92984?
2, 59, 197
What are the prime factors of 796096?
2, 7, 1777
List the prime factors of 7559910.
2, 3, 5, 19, 4421
What are the prime factors of 23675?
5, 947
List the prime factors of 3289874.
2, 7, 17, 23, 601
What are the prime factors of 8380944?
2, 3, 11, 13, 37
What are the prime factors of 2059855?
5, 7, 229, 257
What are the prime factors of 1396320?
2, 3, 5, 2909
List the prime factors of 1243445.
5, 7, 35527
What are the prime factors of 1217673?
3, 5011
List the prime factors of 917745.
3, 5, 17, 59, 61
List the prime factors of 972926.
2, 83, 5861
List the prime factors of 67623.
3, 22541
List the prime factors of 6015024.
2, 3, 41771
List the prime factors of 6705890.
2, 5, 131, 5119
What are the prime factors of 2671997?
47, 139, 409
List the prime factors of 391745.
5, 47, 1667
List the prime factors of 733525.
5, 13, 37, 61
List the prime factors of 3613210.
2, 5, 361321
List the prime factors of 1296771.
3, 7, 61751
What are the prime factors of 859554?
2, 3, 17, 53
What are the prime factors of 2596833?
3, 96179
List the prime factors of 625822.
2, 19, 43, 383
List the prime factors of 1715498.
2, 857749
What are the prime factors of 9229784?
2, 101, 11423
What are the prime factors of 6076847?
7, 868121
What are the prime factors of 11503?
11503
List the prime factors of 1019999.
101, 10099
List the prime factors of 7450161.
3, 73, 34019
List the prime factors of 760789.
47, 16187
List the prime factors of 257100.
2, 3, 5, 857
List the prime factors of 85158.
2, 3, 19, 83
List the prime factors of 11973.
3, 13, 307
What are the prime factors of 71089?
71089
What are the prime factors of 979685?
5, 7, 23, 1217
List the prime factors of 204417.
3, 67, 113
What are the prime factors of 1211647?
1211647
What are the prime factors of 345982?
2, 7, 13, 1901
What are the prime factors of 431406?
2, 3, 2663
List the prime factors of 1762409.
11, 53, 3023
What are the prime factors of 983323?
11, 89393
What are the prime factors of 2666207?
151, 17657
What are the prime factors of 2242691?
11, 17, 67, 179
What are the prime factors of 1320223?
23, 61, 941
What are the prime factors of 258305?
5, 19, 2719
List the prime factors of 1242853.
17, 29, 2521
What are the prime factors of 245323?
13, 113, 167
List the prime factors of 4241965.
5, 7, 13, 9323
What are the prime factors of 444695?
5, 19, 31, 151
What are the prime factors of 186779?
17, 10987
What are the prime factors of 14383297?
683, 21059
What are the prime factors of 1434325?
5, 57373
List the prime factors of 396941.
277, 1433
List the prime factors of 125008.
2, 13, 601
What are the prime factors of 751916?
2, 11, 23, 743
What are the prime factors of 219320?
2, 5, 5483
What are the prime factors of 1693134?
2, 3, 94063
What are the prime factors of 1530239?
883, 1733
What are the prime factors of 283137?
3, 94379
List the prime factors of 5344631.
229, 23339
List the prime factors of 154535.
5, 31, 997
What are the prime factors of 7623230?
2, 5, 29, 97, 271
List the prime factors of 26757361.
139, 192499
What are the prime factors of 30051781?
257, 116933
List the prime factors of 270798.
2, 3, 11, 373
What are the prime factors of 765739?
13, 23, 197
What are the prime factors of 726789?
3, 7, 53, 653
List the prime factors of 360029.
53, 6793
List the prime factors of 1077308.
2, 269327
List the prime factors of 88981.
101, 881
List the prime factors of 7972242.
2, 3, 37, 35911
List the prime factors of 48752.
2, 11, 277
List the prime factors of 10120912.
2, 632557
What are the prime factors of 44737?
7, 11, 83
What are the prime factors of 552293?
7, 257, 307
What are the prime factors of 500914?
2, 211, 1187
What are the prime factors of 1292936?
2, 29, 5573
List the prime factors of 6202.
2, 7, 443
List the prime factors of 12738426.
2, 3, 167, 12713
What are the prime factors of 3905587?
7, 89, 6269
List the prime factors of 3449502.
2, 3, 7, 3911
What are the prime factors of 12036377?
563, 21379
List the prime factors of 1166197.
211, 5527
What are the prime factors of 4748422?
2, 7, 339173
What are the prime factors of 2590851?
3, 17, 37, 1373
What are the prime factors of 12710762?
2, 6355381
List the prime factors of 7473194.
2, 19, 196663
What are the prime factors of 15778394?
2, 353, 22349
List the prime factors of 6673406.
2, 41, 97, 839
List the prime factors of 1456646.
2, 157, 4639
What are the prime factors of 835139?
835139
What are the prime factors of 3521088?
2, 3, 6113
What are the prime factors of 614669?
11, 17, 19, 173
What are the prime factors of 419436?
2, 3, 61, 191
What are the prime factors of 14077874?
2, 7038937
What are the prime factors of 970487?
7, 138641
What are the prime factors of 1539287?
227, 6781
List the prime factors of 18847.
47, 401
List the prime factors of 1305758.
2, 229, 2851
What are the prime factors of 1830981?
3, 610327
List the prime factors of 4135691.
7, 590813
List the prime factors of 29013868.
2, 13, 577, 967
What are the prime factors of 7617664?
2, 59513
List the prime factors of 55769.
7, 31, 257
What are the prime factors of 119729?
67, 1787
What are the prime factors of 20791197?
3, 7, 330019
List the prime factors of 1176086.
2, 588043
List the prime factors of 684446.
2, 7, 48889
What are the prime factors of 193533?
3, 31, 2081
List the prime factors of 3083986.
2, 547, 2819
What are the prime factors of 1127572?
2, 281893
What are the prime factors of 11516?
2, 2879
List the prime factors of 799281.
3, 7, 4229
What are the prime factors of 836216?
2, 104527
List the prime factors of 9752059.
9752059
What are the prime factors of 1404598?
2, 13, 89, 607
List the prime factors of 7295510.
2, 5, 729551
What are the prime factors of 560259?
3, 7, 8893
What are the prime factors of 12646833?
3, 431, 9781
List the prime factors of 16259.
71, 229
What are the prime factors of 17508?
2, 3, 1459
List the prime factors of 376488.
2, 3, 7, 83
List the prime factors of 363990.
2, 3, 5, 11, 1103
List the prime factors of 3263340.
2, 3, 5, 137, 397
What are the prime factors of 5063979?
3, 23, 79, 929
List the prime factors of 645021.
3, 13, 37, 149
What are the prime factors of 3279739?
43, 89, 857
What are the prime factors of 634718?
2, 7, 45337
List the prime factors of 14792.
2, 43
List the prime factors of 17317940.
2, 5, 239, 3623
List the prime factors of 3216200.
2, 5, 13, 1237
What are the prime factors of 774451?
269, 2879
What are the prime factors of 694674?
2, 3, 38593
What are the prime factors of 558323?
347, 1609
What are the prime factors of 152941?
152941
What are the prime factors of 7402892?
2, 7, 419, 631
What are the prime factors of 11589996?
2, 3, 11, 87803
What are the prime factors of 32077235?
5, 6415447
List the prime factors of 7410652.
2, 1852663
List the prime factors of 9692154.
2, 3, 23, 41, 571
What are the prime factors of 2821248?
2, 3, 31, 79
List the prime factors of 2684451.
3, 7, 11, 11621
List the prime factors of 343319.
73, 4703
List the prime factors of 20367475.
5, 814699
List the prime factors of 2229488.
2, 139343
List the prime factors of 1876804.
2, 47, 67, 149
List the prime factors of 26782.
2, 7, 1913
What are the prime factors of 1501841?
11, 136531
What are the prime factors of 26273523?
3, 19, 31, 14869
List the prime factors of 489031.
53, 9227
List the prime factors of 698069.
787, 887
What are the prime factors of 3327101?
3327101
What are the prime factors of 4683672?
2, 3, 7, 9293
What are the prime factors of 358242?
2, 3, 59707
List the prime factors of 33279.
3, 11093
What are the prime factors of 1864185?
3, 5, 19, 31, 211
List the prime factors of 322115.
5, 23, 2801
List the prime factors of 734562.
2, 3, 61, 223
What are the prime factors of 6534085?
5, 1306817
What are the prime factors of 3740293?
37, 101089
Li